t f be (2 - 12/10)*(-9 - -1424). Suppose 5*j = q + 8*j - f, 3*j + 1132 = q. List the prime factors of q.
2, 283
Suppose 6 = 2*v + p, -4 = -3*p + 2. Suppose 5*l - 46 = v*a, l + 3*a - 8 = 4*a. Suppose -l*x - 619 + 2279 = 0. List the prime factors of x.
2, 83
Let q be 6/(-18)*(0 + 9). Let i be 1/(q/(-6)*2). What are the prime factors of ((-642)/(-8))/i + 6/(-24)?
2, 5
What are the prime factors of (-62004234)/(-1939) + 6/(-14)?
3, 11, 17, 19
Let c(w) = -6*w + 3. Let d be c(-1). Suppose b - d = -4. Suppose 0 = s + b - 75. List the prime factors of s.
2, 5, 7
Let q = 30 + -27. Suppose 3*w - 441 = -3*p, w - 157 = -0*p - q*p. Suppose -l - 4*r + w = -0*r, -2*l + 3*r + 317 = 0. What are the prime factors of l?
2, 7, 11
Suppose -5*w - 10 = -2*r, 4*r - 2*w - 4 = -r. List the prime factors of (-3 - (-4 + r))*1187.
1187
Let v = 56 - -28. Suppose 0 = 3*f + 87 + v. Let u = -42 - f. List the prime factors of u.
3, 5
Let j be 54/9*14/6. Suppose -3*h + g + 64 = 11, -4*g = -h + j. Suppose 26*y - 1376 = h*y. List the prime factors of y.
2, 43
Let k = 28766 + -18220. List the prime factors of k.
2, 5273
Suppose 5*v + 3980 = 4*o, 5*o - 2*v = 3*o + 1992. Suppose -5*m + 2*z + 1248 = 0, 2*z + o = m + 3*m. Let n = m - 128. List the prime factors of n.
2, 3, 5
Let q(n) = -n + 18*n**2 - 14 - 13*n**2 - 4*n**2. Let x be q(5). Suppose -x*l + 771 - 63 = 0. List the prime factors of l.
2, 59
Let m be 70/(-5)*(-39)/6. Let v = -40 + m. Let a = 105 - v. List the prime factors of a.
2, 3
Suppose -5*g = -6 + 21. Let k be (-13)/(-1 + (-6)/g). Let a(o) = -o**2 - 16*o - 22. What are the prime factors of a(k)?
17
Let t(h) = h - 16. Let u(i) = 6*i - 81. Let f(o) = 21*t(o) - 4*u(o). Let n be f(-8). Let x = 45 - n. List the prime factors of x.
3, 11
Suppose 0 = -7*z + 12*z - 15. Suppose -z*l + 18*f = 13*f - 753, 3*l + f = 771. What are the prime factors of l?
2
Let x(a) = -74*a. Suppose 3*s + 14 = -z, 2*z + 2*s + 16 = -0*z. List the prime factors of x(z).
2, 5, 37
Suppose -13*a + 16*a - 195 = 0. Suppose -67*l = -a*l - 126. What are the prime factors of l?
3, 7
Let j(w) be the first derivative of w + 1/2*w**4 + 0*w**2 - 3*w**3 + 12. What are the prime factors of j(6)?
109
Let h be (-14)/((-9 + 14)/(-10)). What are the prime factors of 1789 - ((-21)/h + 3/4)?
1789
Let i = 492 - 285. Let k = i + -54. What are the prime factors of k?
3, 17
Suppose -4*r = 2*o - 940, -4*r + 1658 + 692 = 5*o. Let t = o + -51. What are the prime factors of t?
419
Let w(m) = -13. Let n(a) = -a + 26. Let o(t) = -3*n(t) - 5*w(t). Let b be o(6). Suppose 98 = 6*j - b*j. What are the prime factors of j?
2, 7
What are the prime factors of ((-164)/656)/(2/(-42064))?
2, 11, 239
Suppose 0 = 177*y - 183*y + 36612. List the prime factors of y.
2, 3, 113
Suppose 5*h + 2 = -2*d + 7*h, 4*h = 12. Suppose d*u - 2760 = -y, 0*y - y + 4142 = 3*u. What are the prime factors of u?
2, 691
Let h(b) = 2*b**2 + 4*b - 13. Let q be h(6). Let m = q + -71. Suppose -59 = -4*w - 5*x, -x = 3*x - m. List the prime factors of w.
11
Let a = 1120 - -842. List the prime factors of a.
2, 3, 109
Let f = -15 - -19. Suppose -3*h = f*h - 91. Suppose h + 215 = 3*c. List the prime factors of c.
2, 19
Suppose -10*t + 19*t = -11*t + 98400. What are the prime factors of t?
2, 3, 5, 41
Let u be (-3*(-3)/9)/((-2)/(-14)). Suppose -11 = -2*f - u. Suppose f*v + 6*v - 488 = 0. What are the prime factors of v?
61
Suppose 30*a + 33*a - 2072952 = 0. What are the prime factors of a?
2, 3, 457
Let h(l) = 2*l**2 + 21*l + 21. Let r be h(-10). Suppose -r*x - 8 = -3*x. What are the prime factors of -1*(2 - 151)*(x - -2)?
149
Suppose 9*z - 7 = 8*z. Let s(i) = i**3 - 5*i**2 - 16*i + 20. Let u be s(z). What are the prime factors of (5 - u)/((-464)/(-466) + -1)?
233
Let o be (21/6 - 4)*-12. Suppose -2*l - 4 + o = 0. List the prime factors of -2*l/1 + 11.
3
Suppose 2*i = 3*i + 909. Let f = -1351 - i. Let h = -210 - f. List the prime factors of h.
2, 29
Suppose 2936 = -10*y + 826. Suppose -5*k - 1819 = -k + 5*q, q - 5 = 0. Let r = y - k. List the prime factors of r.
2, 5
Suppose d = -9*b + 270410, -176*d + 174*d = 8. List the prime factors of b.
2, 83, 181
Suppose -1803 = 16*o - 17*o. Let k = o - 761. What are the prime factors of k?
2, 521
Let c(w) = 1104*w + 1534. List the prime factors of c(12).
2, 19, 389
Let t(q) = 1931*q**2 + 2*q - 17. List the prime factors of t(3).
2, 13, 167
Suppose -5*d - 3*r - 706 = 277, 5*d = -5*r - 975. Let g = -81 - d. Let m = 126 - g. List the prime factors of m.
2
Suppose 0 = 4*h - 3*q + 147, -7 = -5*h + 3*q - 190. Let f = -41 + 44. Let l = f - h. List the prime factors of l.
3, 13
Let n = -11524 + 11871. What are the prime factors of n?
347
Suppose -8803 = -6*w + 4979. What are the prime factors of w?
2297
Let n be (-4)/(1/(5505/(-10)) + 0). Let o = -1489 + n. What are the prime factors of o?
23, 31
Let f(h) = 16*h + 101. Let j be f(12). Suppose q - 36 = j. List the prime factors of q.
7, 47
Let f(d) = d**3 + 27*d**2 - 107*d - 120. What are the prime factors of f(-28)?
2, 523
Suppose -3422 = -10*m + 328. Let y = m - 222. List the prime factors of y.
3, 17
Suppose 5*f = 3*m - 7, -4*m = -m - 2*f - 19. Suppose 0*i + i = 2*s + m, -3*s - 2*i = 10. What are the prime factors of (-4 - 0)*2/s?
2
Let v(h) = -46*h + 2098. What are the prime factors of v(-30)?
2, 37, 47
Suppose 0 = 3*g + 7*g - 1372 - 8218. What are the prime factors of g?
7, 137
Let r(a) = 70402*a + 1775. List the prime factors of r(1).
3, 7, 491
Suppose k - 4*j = 2*k - 66470, 0 = 4*k - 5*j - 266006. List the prime factors of k.
2, 33247
Suppose 3*g + 0*g = -18. Let m be 14/119 + 310/(-34). List the prime factors of (438/m)/(4/g).
73
Let t(d) = -3*d + 39. Let o be t(8). Suppose o*u - 1463 = 2047. What are the prime factors of u?
2, 3, 13
Let r be (-165 + 1835)/(1 + 1/(-2)). Suppose -3*c = -2*p - r, 0 = -3*c + 4*p - 0*p + 3338. What are the prime factors of c?
2, 557
Let m be ((-126)/(-4) + 0)*100/15. Let d be m/20 - 1/(-2). Let t(c) = 2*c**2 - c + 29. List the prime factors of t(d).
2, 5, 13
Let p(c) = 153 - 4*c - 312 + 124 + c**2. What are the prime factors of p(-10)?
3, 5, 7
Let r be ((-9530)/(-15))/((-10)/(-15)). Let b = r + -385. List the prime factors of b.
2, 71
Suppose -66*o = -62*o - 24. Suppose -4*j = a - 12, -4*a - 4*j + 9*j = -o. Suppose a*m - 4*p - 214 = 142, -4*p + 260 = 3*m. What are the prime factors of m?
2, 11
Let i(t) = 1525*t**2 + 60*t + 114. What are the prime factors of i(-7)?
74419
Suppose 36*s - 399394 = 336266. What are the prime factors of s?
5, 61, 67
Suppose 2*c - 4*c + b + 98 = 0, c + 2*b - 39 = 0. Let r = 170 - c. List the prime factors of r.
3, 41
Let a be (-392)/3 + (20/12)/(-5). List the prime factors of (a/(-2))/((-30)/(-300)).
5, 131
Suppose 3*y = -6 + 3, 3*f + 4*y - 11 = 0. Suppose -2 = -w - f, w = 4*l - 655. Let d = 414 - l. What are the prime factors of d?
251
Suppose x - 5*r + 17 = -x, -4*r = 2*x - 28. Suppose 2*u + 597 = -2*z + 1917, -4*u + x*z + 2656 = 0. What are the prime factors of u?
2, 331
Let a = -1590 - -2335. Suppose -n = -4*x - 343, 0 = 3*n - x - a - 295. What are the prime factors of n?
347
Let t(x) be the first derivative of -x**4/12 + 9*x**3/2 + 6*x**2 + 11*x - 18. Let n(d) be the first derivative of t(d). What are the prime factors of n(26)?
2, 19
Let h be -120*((-1)/2 + -4). Let g = h - 288. List the prime factors of g.
2, 3, 7
Let a = -8 - -11. Suppose 4*k = 3 - a. Suppose -5*s - n + 119 = k, -3*s + 48 + 17 = -n. List the prime factors of s.
23
Suppose -4*f + 2*m + 16232 = 0, -204*f + m = -205*f + 4052. List the prime factors of f.
2, 3, 13
Let i = -303 + 307. Suppose 669 = 3*p + 3*g - 417, 0 = i*p - g - 1438. What are the prime factors of p?
2, 3, 5
Let r(q) = -148*q + 1938. List the prime factors of r(-50).
2, 7, 23, 29
Suppose -5*o = -5*i - 990 - 2750, -12 = 4*i. Suppose -2*b - 4*j + 0*j = -482, -3*b + 5*j + o = 0. Suppose -3*r - 50 = -b. What are the prime factors of r?
5, 13
Let b(v) = v**3 - v**2 - 3*v - 13. Let h be (3/6*-6)/(12/(-8)). Suppose -5*k - 2*a + 22 = 0, 2*a + 0*a + 20 = h*k. List the prime factors of b(k).
149
Let z = 37481 - 7208. List the prime factors of z.
3, 10091
Suppose -5*v + 9 = -6*v. Let f be 15/(v/(-3))*(-1)/(-1). Suppose -5*y = l - 91, -89 = -l + 2*y - f*y. What are the prime factors of l?
2, 43
Suppos